{"id":8915,"date":"2024-09-24T16:04:44","date_gmt":"2024-09-24T16:04:44","guid":{"rendered":"https:\/\/desarrollo.estherbarniol.com\/sorina\/?page_id=8915"},"modified":"2024-10-10T11:22:24","modified_gmt":"2024-10-10T11:22:24","slug":"politica-de-cookies","status":"publish","type":"page","link":"https:\/\/desarrollo.estherbarniol.com\/sorina\/politica-de-cookies\/","title":{"rendered":"Pol\u00edtica de cookies"},"content":{"rendered":"\t\t<div data-elementor-type=\"wp-page\" data-elementor-id=\"8915\" class=\"elementor elementor-8915\">\n\t\t\t\t<div class=\"elementor-element elementor-element-493d134 e-flex e-con-boxed e-con e-parent\" data-id=\"493d134\" data-element_type=\"container\">\n\t\t\t\t\t<div class=\"e-con-inner\">\n\t\t\t\t<div class=\"elementor-element elementor-element-15a9958 elementor-widget elementor-widget-text-editor\" data-id=\"15a9958\" data-element_type=\"widget\" data-widget_type=\"text-editor.default\">\n\t\t\t\t<div class=\"elementor-widget-container\">\n\t\t\t<style>\/*! elementor - v3.22.0 - 26-06-2024 *\/\n.elementor-widget-text-editor.elementor-drop-cap-view-stacked .elementor-drop-cap{background-color:#69727d;color:#fff}.elementor-widget-text-editor.elementor-drop-cap-view-framed .elementor-drop-cap{color:#69727d;border:3px solid;background-color:transparent}.elementor-widget-text-editor:not(.elementor-drop-cap-view-default) .elementor-drop-cap{margin-top:8px}.elementor-widget-text-editor:not(.elementor-drop-cap-view-default) .elementor-drop-cap-letter{width:1em;height:1em}.elementor-widget-text-editor .elementor-drop-cap{float:left;text-align:center;line-height:1;font-size:50px}.elementor-widget-text-editor .elementor-drop-cap-letter{display:inline-block}<\/style>\t\t\t\t<h6><strong>POL\u00cdTICA DE COOKIES<\/strong><\/h6><p><b>INTRODUCCI\u00d3<\/b><\/p><p>La web de l\u2019<b>Imma Mestre Cunillera<\/b> utilitza cookies pr\u00f2pies i de tercers. Una cookie \u00e9s un arxiu que es descarrega en el seu ordinador en accedir a determinades p\u00e0gines web. Les cookies permeten a una p\u00e0gina web, entre altres finalitats, assegurar el correcte funcionament de la p\u00e0gina, permetre a l&#8217;Usuari un acc\u00e9s m\u00e9s r\u00e0pid als serveis seleccionats, emmagatzemar i recuperar informaci\u00f3 sobre els h\u00e0bits de navegaci\u00f3 d&#8217;un usuari o del seu equip i fins i tot, depenent de la informaci\u00f3 que continguin i de la forma en qu\u00e8 utilitzi el seu equip, es poden utilitzar per a recon\u00e8ixer a l&#8217;usuari. Les cookies s&#8217;associen \u00fanicament a un usuari an\u00f2nim i el seu ordinador o dispositiu i no proporcionen refer\u00e8ncies que permetin con\u00e8ixer les seves dades personals., excepte perm\u00eds expr\u00e9s d&#8217;aquell.<\/p><p>L&#8217;usuari pot, en tot moment, acceptar o rebutjar les cookies instal\u00b7lades que no siguin estrictament necess\u00e0ries per al correcte funcionament de la web i l&#8217;acc\u00e9s a l&#8217;Usuari als seus serveis, a trav\u00e9s del panell d&#8217;ajust de cookies proporcionat en la nostra web. Aix\u00ed mateix, podr\u00e0 configurar el seu navegador en tot moment sense que aix\u00f2 perjudiqui la possibilitat de l&#8217;Usuari d&#8217;accedir als continguts. No obstant aix\u00f2, l&#8217;informem que el rebuig de les cookies pot disminuir el bon funcionament de la web.<\/p><h6><b>COOKIES AFECTADES PER LA NORMATIVA I COOKIES EXEMPTES<\/b><\/h6><p>Segons la directiva de la UE, les cookies que requereixen el consentiment informat per part de l&#8217;usuari s\u00f3n les cookies d&#8217;anal\u00edtica, les de publicitat i afiliaci\u00f3, quedant exceptuades les de car\u00e0cter t\u00e8cnic i les necess\u00e0ries per al funcionament del lloc web o la prestaci\u00f3 de serveis expressament demandats per l&#8217;usuari.<\/p><p><b>TIPUS DE COOKIES<\/b><\/p><ol><li>Segons l&#8217;<b>entitat que les gestioni<\/b>, hi ha Cookies <b>pr\u00f2pies<\/b> (aquelles que s&#8217;envien a l&#8217;equip terminal de l&#8217;usuari des d&#8217;un equip o domini gestionat pel propi editor i des del qual es presta el servei sol\u00b7licitat per l&#8217;usuari) i de <b>tercers<\/b> (les que s&#8217;envien a l&#8217;equip terminal de l&#8217;usuari des d&#8217;un equip o domini que no \u00e9s gestionat per l&#8217;editor, sin\u00f3 per una altra entitat que tracta les dades obtingudes mitjan\u00e7ant les cookies).<\/li><li>Segons el <b>temps que estiguin actives<\/b>, estan les de <b>sessi\u00f3<\/b> (dissenyades per a demanar i emmagatzemar dades mentre l&#8217;usuari accedeix a una p\u00e0gina web) i les <b>persistents<\/b> (en qu\u00e8 les dades s&#8217;emmagatzemen en el terminal i poden ser accedits i tractats durant un per\u00edode definit pel responsable de la cookie -pot anar d&#8217;uns minuts a diversos anys).<\/li><li>Segons la <b>finalitat<\/b> per a la qual tracten la informaci\u00f3 que recopilen, poden ser:<\/li><\/ol><p>&#8211; <b>Cookies t\u00e8cniques<\/b> (necess\u00e0ries per a l&#8217;\u00fas de la web i la prestaci\u00f3 del servei contractat),<\/p><p>&#8211; <b>Cookies de personalitzaci\u00f3<\/b> (que permeten a l&#8217;usuari accedir al servei amb caracter\u00edstiques predefinides, com ara l&#8217;idioma, tipus de navegador, configuraci\u00f3 regional, etc.)<\/p><p>&#8211; <b>Cookies d&#8217;an\u00e0lisis<\/b> (recullen informaci\u00f3 de l&#8217;\u00fas que es realitza de la web),<\/p><p>&#8211; <b>Cookies publicit\u00e0ries<\/b> (recullen informaci\u00f3 sobre les prefer\u00e8ncies i eleccions personals dels usuaris),<\/p><p>&#8211; <b>Cookies d&#8217;afiliats<\/b> (permeten fer un seguiment de les visites procedents d&#8217;altres webs, amb les quals el lloc web estableix un contracte d&#8217;afiliaci\u00f3).<\/p><h6><b>TIPUS DE COOKIES UTILITZADES PER A AQUEST LLOC WEB<\/b><\/h6><table><tbody><tr><td><p><b>Nom<\/b><\/p><\/td><td><p><b>Finalitat\u00a0<\/b><\/p><\/td><td><p><b>Caducitat<\/b><\/p><\/td><td><p><b>Prove\u00efdor<\/b><\/p><\/td><\/tr><tr><td>\u00a0<\/td><td>\u00a0<\/td><td>\u00a0<\/td><td>\u00a0<\/td><\/tr><tr><td>\u00a0<\/td><td>\u00a0<\/td><td>\u00a0<\/td><td>\u00a0<\/td><\/tr><\/tbody><\/table><p>\u00a0Mentre navega per la nostra web, poden emmagatzemar-se en el seu navegador les cookies de les nostres xarxes socials. A continuaci\u00f3, li indiquem els enlla\u00e7os sobre les cookies de les xarxes socials que utilitzem en aquesta web:<\/p><ul><li aria-level=\"1\">Cookies de Facebook, veure m\u00e9s informaci\u00f3 a la seva <a href=\"https:\/\/es-es.facebook.com\/policies\/cookies\/\">pol\u00edtica de cookies<\/a><\/li><li aria-level=\"1\">Cookies d\u2019Instagram, veure m\u00e9s informaci\u00f3 a la seva <a href=\"https:\/\/help.instagram.com\/1896641480634370?ref=ig\">pol\u00edtica de cookies<\/a><\/li><\/ul><h6><b><br \/>REVOCACI\u00d3<\/b><\/h6><p>En tot moment podr\u00e0 accedir a la configuraci\u00f3 del seu navegador acceptant o rebutjant totes les cookies, o b\u00e9 seleccionar aquelles que la instal\u00b7laci\u00f3 admet i les que no, seguint un dels seg\u00fcents procediments, que dep\u00e8n del navegador que utilitzi:<\/p><p><b>Google Chrome<\/b> (en el Men\u00fa d\u2019Herramientas):<\/p><p>Configuraci\u00f3n&gt; Mostrar opciones avanzadas&gt; Privacidad (Configuraci\u00f3n de contenido)&gt; Cookies:<\/p><p>https:\/\/support.google.com\/chrome\/answer\/95647?co=GENIE.Platform%3DDesktop&hl=es<\/p><p><b>Microsoft Edge<\/b>\u00a0(en el Men\u00fa Configuraci\u00f3n):<\/p><p>Configuraci\u00f3n &gt; Cookies y permisos del sitio:<\/p><p><a href=\"about:blank\">edge:\/\/settings\/content\/cookies<\/a><\/p><p><b>Firefox:<\/b><\/p><p>Opciones&gt; Privacidad&gt; Cookies:<\/p><p>https:\/\/support.mozilla.org\/es\/kb\/habilitar-y-deshabilitar-cookies-sitios-web-rastrear-preferencias<\/p><p><b>Safari, iPad y iPhone:<\/b><\/p><p>Preferencias&gt; Privacidad<\/p><p>https:\/\/support.apple.com\/kb\/ph21411?locale=es_ES<\/p><p><b>Opera:<\/b><\/p><p>Configuraci\u00f3n&gt; Opciones&gt; Avanzada&gt; Cookies<\/p><p>http:\/\/help.opera.com\/Windows\/12.00\/es-ES\/cookies.html<\/p><p>Aquests navegadors estan sotmesos a canvis o modificacions, per la qual cosa no podem garantir que s&#8217;ajustin completament a la versi\u00f3 del seu navegador. Tamb\u00e9 pot ser que utilitzi un altre navegador no contemplat en aquests enlla\u00e7os com Konqueror, Arora, Flock, etc. Per a evitar aquests desajustaments, pot accedir directament des de les opcions del seu navegador, generalment en el men\u00fa de &#8220;Opcions&#8221; en la secci\u00f3 de &#8220;Privacitat&#8221;. (Si us plau, consulti l&#8217;ajuda del seu navegador per a m\u00e9s informaci\u00f3).<\/p><h6><b>CANVIS EN LA PRESENT POL\u00cdTICA DE COOKIES.<\/b><\/h6><p><b>Imma Mestre Cunillera<\/b> es reserva el dret a modificar la present pol\u00edtica per a adaptar-la a novetats legislatives o jurisprudencials.<\/p><h6><b>DESACTIVACI\u00d3 \/ ACTIVACI\u00d3 I ELIMINACI\u00d3 DE COOKIES<\/b><\/h6><p>Per a restringir o bloquejar les cookies, es fa a trav\u00e9s de la configuraci\u00f3 del navegador.<\/p><p>Si no desitja que els llocs web posin cap cookie en el seu equip, pot adaptar la configuraci\u00f3 del navegador de manera que se li notifiqui abans que es col\u00b7loqui cap cookie. De la mateixa manera, pot adaptar la configuraci\u00f3 de manera que el navegador rebutgi totes les cookies, o \u00fanicament les cookies de tercers. Tamb\u00e9 pot eliminar qualsevol de les cookies que ja es trobin en l&#8217;equip. Recordi que haur\u00e0 d&#8217;adaptar-se per separat la configuraci\u00f3 de cada navegador i equip que utilitzi.<\/p><p>Recordi que, si no desitja rebre cookies, ja no podrem garantir que el nostre lloc web funcioni com cal. Potser algunes funcions del lloc es perden i \u00e9s possible que ja no pugui veure uns certs llocs web. A m\u00e9s, va rebutjar les cookies no significa que ja no vagi a veure anuncis publicitaris. Simplement els anuncis no s&#8217;ajustaran als seus interessos i es repetiran amb m\u00e9s freq\u00fc\u00e8ncia.<\/p><p>Cada navegador t\u00e9 un m\u00e8tode diferent per a adaptar la configuraci\u00f3. Si \u00e9s necessari, consulti la funci\u00f3 d&#8217;ajuda del navegador per a establir la configuraci\u00f3 correcta.<\/p><p>Per a desactivar les cookies en el tel\u00e8fon m\u00f2bil, consulti el manual del dispositiu per a obtenir m\u00e9s informaci\u00f3.<\/p><p>Pot obtenir m\u00e9s informaci\u00f3 sobre les cookies en Internet, <a href=\"http:\/\/www.aboutcookies.org\/\">http:\/\/www.aboutcookies.org\/<\/a>.<\/p><p>Tenint en compte la forma en qu\u00e8 funciona Internet i els llocs web, no sempre comptem amb informaci\u00f3 de les cookies que col\u00b7loquen terceres parts a trav\u00e9s del nostre lloc web. Aix\u00f2 s&#8217;aplica especialment a casos en qu\u00e8 la p\u00e0gina web cont\u00e9 el que es denominen elements integrats: textos, documents, imatges o breus pel\u00b7l\u00edcules que s&#8217;emmagatzemen en una altra part, per\u00f2 es mostren en el nostre lloc web o mitjan\u00e7ant aquest.<\/p><p>Per tant, en cas que es trobi amb aquesta mena de cookies en aquest lloc web i no estiguin enumerades en la llista anterior, li preguem que ens el comuniqui. O b\u00e9 posi&#8217;s en contacte directament amb el tercer per a demanar-li informaci\u00f3 sobre les cookies que col\u00b7loca, la finalitat i la durada de la cookie, i com ha garantit la seva privacitat.<\/p><h6><b>INFORMACI\u00d3 RELACIONADA AMB EL TRACTAMENT DE DADES PERSONALS (ART.13 RGPD)<\/b><\/h6><p><b>Qui \u00e9s el responsable del tractament de les seves dades personals?<\/b><\/p><p><b>Imma Mestre Cunillera<\/b> \u00e9s la responsable del tractament de les dades personals que vost\u00e8 ens proporciona, situada al C\/ Ferran Puig, 61, 08292, Esparreguera, Barcelona, amb CIF 46680356Q i mail de contacte <a href=\"mailto:hola@immamestre.com\">hola@immamestre.com<\/a>.<\/p><p><b>Per a qu\u00e8 utilitzem les seves dades personals?<\/b><\/p><p>La informaci\u00f3 recopilada a trav\u00e9s de les cookies pr\u00f2pies (cookies de sessi\u00f3 i d&#8217;entrada d&#8217;usuari) se solen utilitzar per a rastrejar les accions de l&#8217;usuari en emplenar els formularis en l\u00ednia en diverses p\u00e0gines, o com a cistella de la compra per a fer el seguiment dels articles que l&#8217;usuari ha seleccionat en pr\u00e9mer un bot\u00f3, o per a personalitzar la <i>interface<\/i> de l&#8217;usuari en visitar la p\u00e0gina web.<\/p><p>La informaci\u00f3 recopilada a trav\u00e9s de les cookies de tercers \u00e9s la seg\u00fcent:<\/p><ul><li style=\"list-style-type: none;\"><ul><li aria-level=\"1\">Mitjan\u00e7ant les cookies anal\u00edtiques s&#8217;analitzen els seus h\u00e0bits de navegaci\u00f3 per a millorar els serveis prestats;<\/li><li aria-level=\"1\">Mitjan\u00e7ant les cookies comportamentals es recull informaci\u00f3 sobre les prefer\u00e8ncies de l&#8217;usuari per a gestionar els espais publicitaris de la forma m\u00e9s efica\u00e7 possible; i<\/li><\/ul><\/li><\/ul><ul><li aria-level=\"1\">Mitjan\u00e7ant les cookies publicit\u00e0ries es mesura el rendiment dels anuncis i es proporcionen recomanacions relatives a productes basades en dades estad\u00edstiques.<\/li><\/ul><p>Per a veure exactament l&#8217;\u00fas de les cookies vegeu el quadre sobre l&#8217;\u00fas de les cookies en aquesta web.<\/p><p><b>Quina \u00e9s la base legal per al tractament de les seves dades personals?<\/b><\/p><p>La legitimaci\u00f3 per al tractament de les seves dades personals ve donada pel seu consentiment, atorgat en el moment de posar-se en contacte amb nosaltres, per a la utilitzaci\u00f3 de cookies anal\u00edtiques, comportamentals i publicit\u00e0ries; per a les cookies de sessi\u00f3 o personalitzaci\u00f3, la legitimaci\u00f3 per al tractament ve donada per l&#8217;inter\u00e8s leg\u00edtim del prestador (responsable del tractament).<\/p><p><b>A qui comuniquem les seves dades?<\/b><\/p><p>No se cediran ni comunicaran dades a tercers, excepte per obligaci\u00f3 legal o als tercers indicats en el cas d&#8217;\u00fas de cookies gestionades per aquests.<\/p><p><b>Quin \u00e9s el termini de conservaci\u00f3 de les seves dades?<\/b><\/p><p>El termini de conservaci\u00f3 de les dades recollides \u00e9s l&#8217;indicat en el quadre sobre l&#8217;\u00fas de les cookies en aquesta web.<\/p><p><b>Quins s\u00f3n els seus drets?<\/b><\/p><p>Els drets que emparen a l&#8217;usuari s\u00f3n els d&#8217;acc\u00e9s, rectificaci\u00f3, supressi\u00f3, portabilitat d&#8217;aquests, retirada del consentiment (sense que aix\u00f2 afecti la licitud del tractament atorgat pr\u00e8viament a la seva retirada), oposici\u00f3 al tractament, limitaci\u00f3 (en determinades circumst\u00e0ncies) i a presentar una reclamaci\u00f3 davant l&#8217;autoritat de control (l&#8217;Ag\u00e8ncia Espanyola de protecci\u00f3 de dades, <a href=\"http:\/\/www.aepd.es\">www.aepd.es<\/a>).\u00a0<\/p>\t\t\t\t\t\t<\/div>\n\t\t\t\t<\/div>\n\t\t\t\t\t<\/div>\n\t\t\t\t<\/div>\n\t\t\t\t<\/div>\n\t\t","protected":false},"excerpt":{"rendered":"<p>POL\u00cdTICA DE COOKIES INTRODUCCI\u00d3 La web de l\u2019Imma Mestre Cunillera utilitza cookies pr\u00f2pies i de tercers. Una cookie \u00e9s un arxiu que es descarrega en el seu ordinador en accedir a determinades p\u00e0gines web. Les cookies permeten a una p\u00e0gina web, entre altres finalitats, assegurar el correcte funcionament de la p\u00e0gina, permetre a l&#8217;Usuari un [&hellip;]<\/p>\n","protected":false},"author":2,"featured_media":0,"parent":0,"menu_order":0,"comment_status":"closed","ping_status":"closed","template":"","meta":{"footnotes":""},"_links":{"self":[{"href":"https:\/\/desarrollo.estherbarniol.com\/sorina\/wp-json\/wp\/v2\/pages\/8915"}],"collection":[{"href":"https:\/\/desarrollo.estherbarniol.com\/sorina\/wp-json\/wp\/v2\/pages"}],"about":[{"href":"https:\/\/desarrollo.estherbarniol.com\/sorina\/wp-json\/wp\/v2\/types\/page"}],"author":[{"embeddable":true,"href":"https:\/\/desarrollo.estherbarniol.com\/sorina\/wp-json\/wp\/v2\/users\/2"}],"replies":[{"embeddable":true,"href":"https:\/\/desarrollo.estherbarniol.com\/sorina\/wp-json\/wp\/v2\/comments?post=8915"}],"version-history":[{"count":11,"href":"https:\/\/desarrollo.estherbarniol.com\/sorina\/wp-json\/wp\/v2\/pages\/8915\/revisions"}],"predecessor-version":[{"id":9324,"href":"https:\/\/desarrollo.estherbarniol.com\/sorina\/wp-json\/wp\/v2\/pages\/8915\/revisions\/9324"}],"wp:attachment":[{"href":"https:\/\/desarrollo.estherbarniol.com\/sorina\/wp-json\/wp\/v2\/media?parent=8915"}],"curies":[{"name":"wp","href":"https:\/\/api.w.org\/{rel}","templated":true}]}}