{"id":8559,"date":"2024-09-12T08:57:45","date_gmt":"2024-09-12T08:57:45","guid":{"rendered":"https:\/\/desarrollo.estherbarniol.com\/sorina\/?post_type=product&#038;p=8559"},"modified":"2024-09-12T09:03:40","modified_gmt":"2024-09-12T09:03:40","slug":"llibreta-gira-sols","status":"publish","type":"product","link":"https:\/\/desarrollo.estherbarniol.com\/sorina\/product\/llibreta-gira-sols\/","title":{"rendered":"Llibreta Gira-sols"},"content":{"rendered":"<p>Format: A5 (10,5 x 21cm)<\/p>\n<p>&nbsp;<\/p>\n<p>Enquadernat en espiral wir\u2019o negre de doble anella.<\/p>\n<p>&nbsp;<\/p>\n<p>Tapa r\u00fastica dura amb acabat vern\u00eds mat davant fregament, tant a la portada com a la contraportada, perqu\u00e8 no es marquin les empremtes<\/p>\n<p>&nbsp;<\/p>\n<p>Interior de 100 fulls en blanc de 80gr, ideal per escriure o dibuixar sense que traspassi la tinta a l&#8217;altra banda de la p\u00e0gina. Porta una petita il\u00b7lustraci\u00f3 d&#8217;estrelles al bell mig de la part inferior de la p\u00e0gina per donar-te inspiraci\u00f3 i energia.<\/p>\n<p>&nbsp;<\/p>\n<p>A la portada, il\u00b7lustraci\u00f3 digital d&#8217;una noia prenent un bany de sol a un camp de gira-sols.<\/p>\n<p>&nbsp;<\/p>\n<p>La contraportada \u00e9s llisa de color groc ataronjat<\/p>\n<p>&nbsp;<\/p>\n<p><b>Informaci\u00f3 addicional<\/b><\/p>\n<p>Pes 0,350 kg<\/p>\n<p>Dimensions 13 \u00d7 2 \u00d7 21 cm<\/p>\n","protected":false},"excerpt":{"rendered":"<p>El vaiv\u00e9 dels gira-sols buscant el sol. El sol del capvespre abra\u00e7ant-te en moments de calma. Una calma que et dediques a tu.<\/p>\n<p>&nbsp;<\/p>\n<p>Obris aquesta llibreta de gira-sols i deixes anar la teva creativitat.<\/p>\n<p>&nbsp;<\/p>\n<p>Qu\u00e8 prefereixes: escriure o dibuixar? Potser fer una llista de tasques o h\u00e0bits? Tu decideixes. El que et vingui de gust est\u00e0 genial, perqu\u00e8 \u00e9s el teu moment. Per mimar-te. Per planificar-te. Per expressar-te. Per sincerar-te\u2026 A la llibreta gira-sols, tens prou espai per a tots els teus prop\u00f2sits.<\/p>\n","protected":false},"featured_media":8564,"comment_status":"open","ping_status":"closed","template":"","meta":[],"product_cat":[62],"product_tag":[],"_links":{"self":[{"href":"https:\/\/desarrollo.estherbarniol.com\/sorina\/wp-json\/wp\/v2\/product\/8559"}],"collection":[{"href":"https:\/\/desarrollo.estherbarniol.com\/sorina\/wp-json\/wp\/v2\/product"}],"about":[{"href":"https:\/\/desarrollo.estherbarniol.com\/sorina\/wp-json\/wp\/v2\/types\/product"}],"replies":[{"embeddable":true,"href":"https:\/\/desarrollo.estherbarniol.com\/sorina\/wp-json\/wp\/v2\/comments?post=8559"}],"wp:featuredmedia":[{"embeddable":true,"href":"https:\/\/desarrollo.estherbarniol.com\/sorina\/wp-json\/wp\/v2\/media\/8564"}],"wp:attachment":[{"href":"https:\/\/desarrollo.estherbarniol.com\/sorina\/wp-json\/wp\/v2\/media?parent=8559"}],"wp:term":[{"taxonomy":"product_cat","embeddable":true,"href":"https:\/\/desarrollo.estherbarniol.com\/sorina\/wp-json\/wp\/v2\/product_cat?post=8559"},{"taxonomy":"product_tag","embeddable":true,"href":"https:\/\/desarrollo.estherbarniol.com\/sorina\/wp-json\/wp\/v2\/product_tag?post=8559"}],"curies":[{"name":"wp","href":"https:\/\/api.w.org\/{rel}","templated":true}]}}