{"id":8597,"date":"2024-09-12T09:31:15","date_gmt":"2024-09-12T09:31:15","guid":{"rendered":"https:\/\/desarrollo.estherbarniol.com\/sorina\/?post_type=product&#038;p=8597"},"modified":"2024-09-12T09:35:24","modified_gmt":"2024-09-12T09:35:24","slug":"lamina-champions","status":"publish","type":"product","link":"https:\/\/desarrollo.estherbarniol.com\/sorina\/product\/lamina-champions\/","title":{"rendered":"L\u00e0mina Champions"},"content":{"rendered":"<p>No decaiguis, no val lamentar-se perqu\u00e8 aqu\u00ed tots som campions.<\/p>\n<p>&nbsp;<\/p>\n<p>Impr\u00e8s en paper estucat mat de 250gr, a una cara i signat per davant.<\/p>\n<p>&nbsp;<\/p>\n<p>Grand\u00e0ria: A4 (21\u00d729,7cm) o A3 (29,7\u00d742 cm).<\/p>\n<p>&nbsp;<\/p>\n<p>No inclou marc.<\/p>\n<p>&nbsp;<\/p>\n<p><b>Informaci\u00f3 addicional<\/b><\/p>\n<p>Mides: A3 (29,7x42cm), A4 (21\u00d729,7cm)<\/p>\n","protected":false},"excerpt":{"rendered":"<p>En aquesta vida hem vingut a ser feli\u00e7os. No hi ha perdedors si persegueixes els teus somnis i actues tal com creus correcte. No val lamentar-se perqu\u00e8 aqu\u00ed tots som campions.<\/p>\n<p>&nbsp;<\/p>\n<p>L\u00e0mina inspiradora en format A4 (21\u00d729,7 cm) o A3 (29,7\u00d742 cm)<\/p>\n","protected":false},"featured_media":8602,"comment_status":"open","ping_status":"closed","template":"","meta":[],"product_cat":[62],"product_tag":[],"_links":{"self":[{"href":"https:\/\/desarrollo.estherbarniol.com\/sorina\/wp-json\/wp\/v2\/product\/8597"}],"collection":[{"href":"https:\/\/desarrollo.estherbarniol.com\/sorina\/wp-json\/wp\/v2\/product"}],"about":[{"href":"https:\/\/desarrollo.estherbarniol.com\/sorina\/wp-json\/wp\/v2\/types\/product"}],"replies":[{"embeddable":true,"href":"https:\/\/desarrollo.estherbarniol.com\/sorina\/wp-json\/wp\/v2\/comments?post=8597"}],"wp:featuredmedia":[{"embeddable":true,"href":"https:\/\/desarrollo.estherbarniol.com\/sorina\/wp-json\/wp\/v2\/media\/8602"}],"wp:attachment":[{"href":"https:\/\/desarrollo.estherbarniol.com\/sorina\/wp-json\/wp\/v2\/media?parent=8597"}],"wp:term":[{"taxonomy":"product_cat","embeddable":true,"href":"https:\/\/desarrollo.estherbarniol.com\/sorina\/wp-json\/wp\/v2\/product_cat?post=8597"},{"taxonomy":"product_tag","embeddable":true,"href":"https:\/\/desarrollo.estherbarniol.com\/sorina\/wp-json\/wp\/v2\/product_tag?post=8597"}],"curies":[{"name":"wp","href":"https:\/\/api.w.org\/{rel}","templated":true}]}}